nd 4?
4
Let i = 22 - 8. What is the highest common factor of 70 and i?
14
Suppose 5*f - 2*f - 3*t + 12 = 0, 2*f = -5*t + 27. Let s(b) = -b + 4 + 3*b - 3. Let l be s(1). Calculate the greatest common divisor of f and l.
1
Let c = 12 - 4. Suppose 11 - 51 = -5*y. What is the highest common factor of y and c?
8
Let w be (-2 + 11)/((-6)/(-4)). Suppose w = -2*a - 0. Let x(i) = i**2 - 3. Let v be x(a). Calculate the greatest common factor of v and 6.
6
Let d(t) = -t + 2. Let f be d(-7). Suppose -5*w + 10*w - 5*l + 5 = 0, -2*l = -5*w + 1. Let u = 4 - w. What is the greatest common factor of u and f?
3
Suppose -z - 545 + 1506 = 3*n, 4*z - 1284 = -4*n. What is the highest common factor of 32 and n?
32
Let v = 2 - 4. Let r be (1 - (-1 - v)) + 110. What is the highest common factor of 44 and r?
22
Let i be (-28)/(-12) - (-2)/(-6). Let h be (-3)/(-6) - (-39)/i. Suppose 45 = n - h. Calculate the highest common factor of n and 26.
13
Suppose 4*m + 4*m - 1760 = 0. Calculate the highest common factor of 20 and m.
20
Suppose -3*m = 97 + 167. Let o = m - -28. Let h be ((-2)/(-1))/((-3)/o). Calculate the highest common factor of h and 8.
8
Suppose -6*a + 39 = -3*a. Calculate the greatest common factor of 65 and a.
13
Let r = 13 - 13. Suppose r = -2*z + 12 + 52. What is the greatest common divisor of 48 and z?
16
Let q = 73 - 57. Calculate the highest common factor of 2 and q.
2
Suppose -m = m - 46. Calculate the highest common factor of 23 and m.
23
Suppose 2*i = 3*w - 3 + 18, -2*w = 6. Suppose -2*m = i - 5. Let n be (m + 0)/((-1)/(-6)). Calculate the greatest common factor of 48 and n.
6
Let j(n) = 0*n**2 + 5*n + 0 - 1 + n**2. Let y be j(-7). What is the greatest common factor of y and 13?
13
Let m(i) be the first derivative of 2*i**3/3 + i**2 - i - 3. Let y be m(-3). What is the highest common factor of y and 11?
11
Let l(k) = -k - 2. Let t be l(-4). Suppose 7*y - 3*y = 3*d + 30, y + 2*d = 2. What is the greatest common divisor of t and y?
2
Let l = 12 + -4. Let k be -40*2*(-2)/4. Calculate the greatest common divisor of k and l.
8
Suppose -5*d + 288 = 4*z, 4*z + 0*z - 2*d - 316 = 0. What is the greatest common factor of 11 and z?
11
Let g be 6/(-2) + (0 - -8). Let v be (0 - 2) + 36 - -1. What is the greatest common factor of g and v?
5
Let t be (-1766)/10 - (-9)/15. Let g = -121 - t. Calculate the highest common factor of 5 and g.
5
Suppose 5*v - 2*a + 162 = 53, 4*v = -a - 95. Let j = v - -37. Calculate the highest common divisor of 98 and j.
14
Let l(q) be the first derivative of -q**4/4 + 2*q**3/3 - 2. Let w be l(2). Let m be -11*(3 - w)/(-3). Calculate the greatest common factor of m and 22.
11
Suppose -3*t + 2*t + 2*v = 27, -2*t - 86 = 4*v. Let c be (-290)/(-14) - 10/t. Calculate the highest common divisor of 168 and c.
21
Let c = -15 - -10. Let u = c - -16. What is the greatest common factor of 22 and u?
11
Let x be 1 - (-3 - -1 - -1). Suppose 0 = -o - o - u + 2, -x*o - 2*u = 2. Suppose p - 396 = -o*p. Calculate the highest common divisor of p and 9.
9
Let l = 16 - 11. Let t = -13 + l. Let g = 26 + t. What is the greatest common factor of g and 9?
9
Suppose -3*o = -2*o - 2. Suppose 2*m = 3*x - 2, -2*x + 6*x - o*m - 4 = 0. Calculate the greatest common factor of 1 and x.
1
Suppose -36 = -5*y + 14. What is the highest common factor of 15 and y?
5
Let n(p) = p**2 - 15*p - 10. Let m be n(13). Let r = m - -50. Calculate the greatest common factor of 56 and r.
14
Let c = -33 - -68. Let a = c - 24. What is the greatest common factor of 1 and a?
1
Let u = -1 + 8. What is the greatest common factor of 63 and u?
7
Let k = 10 - 5. Let z(a) be the third derivative of a**5/60 - a**4/6 - a**3/3 - 9*a**2. Let x be z(k). Calculate the greatest common divisor of 24 and x.
3
Let k(u) = -u + 7. Suppose 2*s + 3*s = -25. Let y be k(s). Calculate the greatest common factor of 3 and y.
3
Let v be (-4 - 3/(-1))*1. Let p = 7 - -4. Let m = p + v. Calculate the greatest common factor of 80 and m.
10
Suppose 4*w + 2*s = -3*s + 12, 0 = -3*w - 3*s + 9. Suppose -3*u + 282 = -3*f, 0 = 5*u - 6*f + w*f - 480. Calculate the highest common factor of u and 9.
9
Let i(u) = 3*u - 79. Let r be i(28). What is the greatest common divisor of r and 20?
5
Suppose -5 = -m - 3*w + 3, 4*m + 2*w - 72 = 0. Suppose 0 = -a - 4*a + 25. What is the highest common divisor of a and m?
5
Let a = -11 - -17. Suppose -9*c + 5*c + 48 = 5*h, 3*c - 36 = 4*h. Calculate the highest common factor of c and a.
6
Suppose 2*w - b = w + 6, -w = -4*b - 12. Let l be 15/(-6)*-1*w. Suppose 4 = -t + l. Calculate the highest common factor of t and 48.
6
Let n be 4 + 5/((-5)/(-4)). Let a be 3*-1*(-23)/3. Suppose -4*m + 18 = 2*j, m = 5*j - 0*j - a. Calculate the greatest common divisor of m and n.
2
Suppose 8*g + 8*g = 2160. Calculate the highest common divisor of g and 30.
15
Let a = 59 - 49. What is the greatest common divisor of a and 2?
2
Let u be (-15 - -20)/((-2)/(-4)). What is the highest common divisor of u and 10?
10
Let a = 2 - 0. Let u(r) = 0*r + 9*r - 2 + 6*r. Let m be u(a). Calculate the greatest common divisor of m and 7.
7
Suppose -8*x = -267 - 93. What is the greatest common factor of x and 135?
45
Let s = 61 - -50. What is the highest common divisor of 37 and s?
37
Let a(r) = -r**2 - 14*r - 5. Let h = 12 + -22. Let g be a(h). Calculate the greatest common factor of g and 7.
7
Let i be -2 + (5 - (2 + -1)). Suppose -f - 5 = -2*c, f + 3*c = 7*c - 11. What is the highest common factor of f and i?
1
Let k = 16 + 0. Calculate the highest common factor of 64 and k.
16
Suppose 9*c - 4*c - 1320 = 0. What is the greatest common divisor of c and 24?
24
Suppose 0 = 4*f + f - 60. Suppose -4 = -d + f. Suppose 196 - d = 5*u. Calculate the highest common divisor of 24 and u.
12
Suppose -10 - 6 = 2*f. Let b be (f/12)/((-1)/75). Calculate the greatest common factor of b and 20.
10
Suppose 3*i - 476 = i + 4*d, -3*d - 236 = -i. Let q be 1 + 2/(-2) - -22. What is the greatest common factor of q and i?
22
Let f(q) = -15*q + 1. Let h be f(-1). Let z be ((-80)/h)/(2/(-30)). What is the highest common divisor of 15 and z?
15
Let c be 289/51 + 2/(-3). What is the greatest common factor of c and 15?
5
Let l = 2 + -4. Let v be (-44 - -3) + (l - -1). Let x = 35 - v. Calculate the greatest common divisor of 7 and x.
7
Let w = 26 - 24. Calculate the highest common divisor of w and 2.
2
Let u be -1 + (3*44)/2. Let s = -3 + 29. What is the greatest common factor of s and u?
13
Let g(r) = -8*r - 1. Let i be g(-11). What is the greatest common divisor of i and 58?
29
Let k(u) = 3 + u**2 - 2 + 8*u + 8*u + 4. Let t be k(-16). Let m(v) = v**3 - 2*v**2 + 2*v + 1. Let l be m(2). What is the greatest common divisor of t and l?
5
Let l(u) = -u**3 + 11*u**2 + u - 2. Let n be l(5). Let j = -28 + 45. Calculate the highest common factor of n and j.
17
Let r(p) = -p**3 + 4*p - 4. Let f be r(-6). Calculate the greatest common divisor of f and 47.
47
Suppose 5*l = 5*r + 145, 4*l + 0*r - 148 = -4*r. Let f = l - 11. Calculate the highest common factor of 11 and f.
11
Let n = -56 - -101. Calculate the highest common divisor of n and 15.
15
Suppose 3*i = 2*h - 9 - 9, 2*h - 2 = -i. Let u be 16/(h + (2 - 3)). Let o = 17 - u. What is the greatest common factor of 18 and o?
9
Let k be 95/2*(-88)/(-10). Let x be (-139)/(3 + (-14)/4). Let j = k - x. Calculate the highest common divisor of 20 and j.
20
Suppose -2 = -2*q - 2*i + 4, -5*i + 27 = -q. Let s be q - 1*-4 - -4. What is the highest common factor of s and 2?
2
Let v = 348 - 206. Let j = v + -58. Let l = -30 + 42. What is the greatest common factor of j and l?
12
Let y = 9 - 19. Let f be y/(-4)*22/5. Suppose 0 = -4*q + 99 + 209. What is the greatest common factor of q and f?
11
Suppose -g = -r - 86, -88 = -3*g + 2*r + 168. Calculate the greatest common factor of g and 12.
12
Let p = 2 + 2. Let y = -110 - -38. Let j = -28 - y. What is the highest common divisor of j and p?
4
Let f(x) = x**2 + 7*x + 14. Let d be (-2 + (-2)/4)*4. Let r be f(d). Calculate the greatest common factor of 4 and r.
4
Let b = 65 - 35. What is the greatest common divisor of b and 75?
15
Suppose 0 = -3*n + 2*z + 4, 3*n = -3*z - 4 - 2. Suppose -2*l = 5*t + 7 - 35, -3*t = n. What is the highest common factor of l and 28?
14
Suppose -2*f - 2*n +